 = 218 + -220. What is the hundreds digit of -1 + k + (-2405)/(-6 - -1)?
4
Let w = -6907 + 20230. What is the ten thousands digit of w?
1
Let t(y) = y**2 - 362*y + 69570. What is the ten thousands digit of t(0)?
6
Suppose 2*a - i - 5 = a, 0 = -2*a - i - 2. Let o be (((-36)/3)/(-3))/(-2). What is the tens digit of ((14 - a)*-10)/o?
6
Let x = 163 - 166. What is the units digit of ((-1228)/(-8))/(x/(-12)*2)?
7
Let t(l) = l**3 - 9*l**2 + 51*l - 16. Suppose -4*a - 63 = -99. What is the hundreds digit of t(a)?
4
Let h(l) = -l**2 + 16*l - 19. Suppose 2*m + 21 = -5*m. Let x be (40/6)/2*(6 + m). What is the tens digit of h(x)?
4
Let v(c) = -5*c**3 - c**2 - 9*c + 1. What is the tens digit of v(-6)?
9
Suppose 0 = -74*m + 1114945 - 207705. What is the units digit of m?
0
Let z be (-2)/(3/3) + 945. Suppose 0 = -2*b + 2*n + 330, n - z = -5*b - 94. Let h = -90 + b. What is the units digit of h?
9
Suppose -19*v + 16 = -20*v - 5*p, 20 = -5*v - 5*p. What is the tens digit of v*(-323 - (6 - -2))?
3
Suppose -66*b + 357890 = -510274. What is the thousands digit of b?
3
Let n be -6 + -4*30/(-24). What is the tens digit of 1 + n + -3 + (-16 - -139)?
2
Suppose -16 = -3*o + 5. Let b(f) = 8*f**2 + 5*f - 76. What is the units digit of b(o)?
1
Let t be 104 + (5 - 1) + -1. Let x = 257 - t. What is the units digit of 1*7*x/(-35)*-2?
0
What is the tens digit of (-4 + -130788)/2*13/(-26)?
9
Let k(n) = n**3 - 20*n**2 + 19*n - 7. Suppose 0 = 8*i - 75 - 85. What is the tens digit of k(i)?
7
Let h(j) = -4*j**3 + 2*j**2 + j. Let d be h(-1). Suppose -d*a + 2*u + 526 + 52 = 0, 0 = 4*a - 2*u - 462. Suppose -q = -3*q + a. What is the units digit of q?
8
Suppose 3*o - 2*b - 2 = -0*b, 0 = -o - 5*b - 5. Suppose -10*n = -o*n - 30. What is the tens digit of 463/n - ((-24)/(-18))/1?
5
Let v(i) = -11*i**3 - 2*i**2 - 4*i - 4. Let z be v(-4). Suppose -z = -4*m + 60. Suppose 4*r = m - 10. What is the tens digit of r?
4
Let s be (10 - (-328)/(-32)) + (-68)/16*11. Let a = -133 + 270. Let t = a + s. What is the tens digit of t?
9
Let p be 62/5 - 0 - (-16)/(-40). Suppose p*v - 39 = 9. Suppose 30 + 52 = v*y + 2*a, 2*y - 35 = a. What is the tens digit of y?
1
Let x(k) be the third derivative of 3*k**5/20 + k**4/2 - 7*k**3 + 128*k**2. What is the hundreds digit of x(7)?
4
Let a(r) = r**3 - 6*r**2 - 4*r - 5. Suppose 8 + 4 = 4*s. Suppose -s*h = -0*h - 21. What is the tens digit of a(h)?
1
Let i be (-1 - -2)*-1*(565 - 2). Let r = -320 - i. What is the tens digit of r?
4
Let j(o) = 49*o**2 + 17*o + 41. Let c(y) = 48*y**2 + 17*y + 41. Let z(q) = 5*c(q) - 4*j(q). What is the tens digit of z(-3)?
8
Suppose b - 4132 = 3*u, -b + 5*b = -4*u + 16544. What is the units digit of b?
5
Suppose 4*g = -3*o + 17, -6*g - o + 4 = -5*g. Suppose -27 = 2*s - 3*s - g*l, -l = 5*s - 63. Suppose -s*u = -16*u + 356. What is the tens digit of u?
8
Let w = -33 - -62. Suppose 0 = 8*j - 69 + 29. Let t = j + w. What is the tens digit of t?
3
Suppose 14 = f - 70. Suppose -80*u + f*u - 1176 = 0. What is the units digit of u?
4
Suppose 6*x + 5*x = 715. Let l = x + -95. What is the tens digit of 160/(-30)*l/4?
4
Let p(x) = 190*x**2 - 9*x + 28. Let s be p(3). Let d = 2936 - s. What is the hundreds digit of d?
2
Let j(v) = -4*v + 1. Let n be j(1). Let b be -4 - (-7)/((-7)/n). Let c = b - -8. What is the units digit of c?
7
Let d(s) = 64*s + 454. Let a be d(-7). Suppose 0 = 2*b - 99 - 711. Suppose f + b = a*f. What is the units digit of f?
1
Let a(i) = 700*i**2 + 8*i + 10. What is the units digit of a(3)?
4
Let j = -76 + 124. Let f be 2/3 + (-1952)/j. What is the units digit of ((-32)/f)/((-2)/(-205))?
2
Let t be (1 - -18)*11/11. Suppose -2*q + q - 4*v - t = 0, -50 = 5*q + 5*v. What is the units digit of (4 - 24)*q/4?
5
Suppose 0*f - 5*v - 13 = -2*f, -3*v - 6 = -3*f. What is the hundreds digit of 296/(-148)*(f + 397/(-2))?
3
Let u(n) = n**3 - n**2 + 15*n + 11. What is the thousands digit of u(14)?
2
Suppose -6*s + 7*s + 72 = 0. What is the units digit of (-1)/((-1)/(-1)) - s?
1
Suppose 0*u + 5*u - 1415 = 0. Suppose -55 = 3*t - u. Let k = t - -10. What is the units digit of k?
6
Let k be (-12)/(-20) - (-42)/30. Suppose 5*u - 6*x = -7*x + 400, 160 = 2*u - k*x. What is the units digit of u?
0
Suppose -a + 3421 = -5*n, -3*a - n + 6809 = -a. What is the tens digit of a?
0
Let s(u) be the third derivative of -u**4/8 + 17*u**3/6 - 13*u**2. Let n be s(8). Let r = n - -48. What is the tens digit of r?
4
Let d(n) = -n**3 + 14*n**2 + 4*n + 11. Let w(s) = s**3 - s**2 - s. Let r(v) = d(v) + 2*w(v). Let f be r(-12). What is the units digit of (f - 11)*(-3)/4?
8
Let c be 12/9*(-15)/(-2). Suppose -4*f - 96 = -c*f. What is the hundreds digit of 3 + 116 + f/4?
1
Suppose 6*b - c = 8*b - 20, -4*b - 4*c + 40 = 0. Let o(u) = 5*u**2 + 14*u + 5. Let p be o(b). Let h = p - 457. What is the hundreds digit of h?
1
Let o be (2 + 4/(-3))/((-4)/(-4668)). Suppose 5*m - 1928 = -4*w, -2*m - 4*w - w = -o. What is the units digit of m?
4
Suppose -15*h + 25296 = -7*h. Suppose -h = -9*d + 159. What is the units digit of d?
9
Let l(g) = 16*g + 33*g + 4*g**2 + 2*g - 70 - 5*g**2 + 120. What is the tens digit of l(45)?
2
Let x(k) = -k**2 + 13*k - 38. Let d be x(7). Suppose -d*f = 7*y - 5*y - 1796, -2*y = -4*f + 1780. What is the hundreds digit of f?
4
What is the thousands digit of (1 - (-9)/(-6))/(59/(-4462760))?
7
What is the thousands digit of (-169602)/(-5) - ((-43)/(-430))/(1/4)?
3
Suppose 4*y = 7*y + 3*c - 11133, 4*c = -y + 3702. What is the tens digit of y?
1
Let o = 323 + 965. Suppose -50*g - o = -58*g. What is the units digit of g?
1
Suppose -2817*l + 2849*l - 5120 = 0. What is the tens digit of l?
6
Let b = 19746 - 467. What is the ten thousands digit of b?
1
What is the units digit of 1 - (-24 - -14) - -4367?
8
Suppose -21*c = -8*c. Suppose c = 21*j - 23*j + 688. What is the units digit of j?
4
Let z be (70/11)/2 + (-18)/99. Suppose 153 = -5*a + 4*y + 32, -2*y = -z*a - 73. What is the units digit of 1 + (-12)/15 + (-5920)/a?
7
Let t(w) = -3*w**2 + 706*w + 41. What is the hundreds digit of t(129)?
1
Let i(s) = -47*s**3 - s**2 - 5*s + 5. Let p(t) = -t**2 + 4*t + 1. Let o be p(4). Let d be i(o). What is the units digit of ((-274)/3)/(32/d)?
7
Suppose -4*l + 59 = 15. Suppose 29*q = -18*q + 705. Suppose -l*z = -q*z + 428. What is the tens digit of z?
0
Suppose 11*w - 34478 - 130412 = 0. What is the ten thousands digit of w?
1
Let f(m) = 12*m**2 + 54*m - 1017. What is the units digit of f(43)?
3
Let f = -232 - -230. What is the units digit of -54*(4 + (f - 9))?
8
Let x = 2 + 9. Suppose 9*u = p + 4*u + x, 0 = -4*p + 5*u + 1. Suppose p*q + 40 = -3*n + 7*n, -n - 2*q + 19 = 0. What is the units digit of n?
3
Let s(c) = -31*c**3 - c**2 - 2*c - 1. Let a be (-7)/1 - (2 + -3). Let u be (-2 - (-2 - 5)) + a. What is the tens digit of s(u)?
3
Suppose -7*b + 8249 = -45700. Suppose 0 = 2*g - 9*g + b. What is the tens digit of g?
0
Suppose 19*y - 92239 = 2*o - 5*o, 0 = -4*o + 4*y + 123132. What is the thousands digit of o?
0
Let d = 37 - -16. Suppose -223 = 2*m - d. Let w = 203 + m. What is the units digit of w?
8
Let c be ((-24)/(-60))/((-3)/(-15)). Suppose 2*p = 5*i - 3002, -5*i + 3*p = -c*p - 2990. What is the tens digit of i?
0
Let j = 2206 + 5139. What is the units digit of j?
5
Let a be (-8)/10*(-20)/(-4). Let c be (-3 - 18/a)*(-4)/6. Let k = 11 - c. What is the units digit of k?
2
What is the units digit of (-930094)/(-26) + (-800)/(-5200)?
3
Suppose -111 = -5*v - 1. Let y(u) = 2*u**2 - 30*u + 7. What is the hundreds digit of y(v)?
3
Let m(b) = 2*b - 2. Let s be m(3). Suppose 3*n - 310*v - 18 = -308*v, -2*n + v + 11 = 0. What is the hundreds digit of ((-226)/n)/(14/s + -4)?
1
Suppose -14*f + 17*f - 18 = 0. Suppose 31 = -f*u - 215. Let j = u + 46. What is the units digit of j?
5
Let f = 21029 + 2300. What is the tens digit of f?
2
Suppose -5946367 = -343*o + 4309333. What is the thousands digit of o?
9
Suppose 40 = 4*u + u - z, 3*z + 50 = 5*u. Suppose 261 = u*i - 2056. What is the units digit of i?
1
Suppose -7*c - 822 = -962. Let g(r) = r**3 - 21*r**2 + 24*r + 20. What is the hundreds digit of g(c)?
1
Let m(f) = -1546*f. Let w be m(-1). Suppose -1062 = -4*h + w. What is the units digit of h?
2
Let v(l) = -880*l - 136. What is the units digit of v(-1)?
4
Let a = 18426 + -2739. 